4*t + 5. Give u(x).
21
Let g = -35 + 4. Let a = g - -24. Let u(b) = -3*b + 7 - 2*b + 4*b + 2. What is u(a)?
16
Let g = -15 + 17. Let x(u) = -9 + 0*u + u**2 + g*u - 7*u + u. Determine x(7).
12
Let d(s) = -s**2 + 10*s - 24. Suppose -g = k - 11, 2*g - k - 24 = -2*g. Let q be d(g). Let y(m) = 2*m**2 + m - 2. Determine y(q).
13
Let k(c) = -2*c - 1. Suppose -5*f - 18 = -33. Suppose f - 15 = 4*d. Give k(d).
5
Suppose 3*y - 22 = -4*b - 4, 0 = -2*y - 4. Let i(n) = -3 - n - 3 + b - 2. Let f(a) = -a**2 - 10*a - 11. Let q be f(-8). What is i(q)?
-7
Let n(l) = 3*l + 1. Let p(u) = 10*u - 6. Let h(x) = -3*n(x) + p(x). Determine h(4).
-5
Let q(h) = -h**3 + 10*h**2 - 11*h + 14. Let g be ((-18)/(-7))/((-130)/(-455)). Determine q(g).
-4
Let s(c) = 3*c**2 - c + 2. Let j be s(1). Let v(n) = -n**3 - n**2 - n. Let b(d) = d**3 + 2*d**2 + d - 1. Let t(r) = j*b(r) + 5*v(r). Determine t(3).
-7
Let n(d) be the third derivative of d**5/10 + d**4/8 - d**3/2 + 5*d**2. Let v(p) = 11*p**2 + 5*p - 5. Let w(s) = 7*n(s) - 4*v(s). Calculate w(1).
-2
Suppose 3*a + 7 + 2 = 0. Let z(v) be the second derivative of 2*v + 1/12*v**4 + 0 - 2*v**2 - 1/6*v**3. Calculate z(a).
8
Let w(v) = -5*v - 5. Suppose -3*g + 8*g = 120. Suppose -5*b = b + g. What is w(b)?
15
Let t(j) = j**2 - 4*j + 6. Suppose p + r = 9, 0*p - 3*p + 3*r + 3 = 0. Give t(p).
11
Let a(b) be the second derivative of 5*b**3/6 - 2*b**2 + b. Let i(d) be the first derivative of -2*d**2 + 3*d + 1. Let y(o) = -2*a(o) - 3*i(o). Calculate y(-1).
-3
Let o(t) be the third derivative of t**8/20160 + t**7/1680 - t**6/180 + 7*t**5/60 - 20*t**2. Let h(n) be the third derivative of o(n). Give h(-5).
6
Let k(g) = 14*g - 84. Let r be k(6). Let m(s) be the second derivative of r - 1/6*s**3 + 3/2*s**2 + 7*s. Determine m(-3).
6
Let k(t) = t**3 + 3*t**2 - 17*t + 2. Let r be k(3). Let p(y) = -y**2 + 7*y - 5. Determine p(r).
5
Let i(b) = -2*b**2 - 4. Let z(t) be the second derivative of -t**4/4 - 3*t**2/2 + 8*t. Let g(h) = 3*i(h) - 4*z(h). Suppose -7*j + 3*j + 4 = 0. Give g(j).
6
Let k = -68 + 63. Let j(o) = o**3 + 5*o**2 + 2. Determine j(k).
2
Let h be 6/(-16) + 432/1152. Let w(p) be the third derivative of 0*p + 10*p**2 - 1/60*p**5 - 2/3*p**3 + h - 7/24*p**4. Calculate w(-5).
6
Suppose 0 = -3*w - 24*q + 27*q, -3*q = -4*w. Let v(i) be the third derivative of w - i**2 - 1/15*i**5 + 0*i**4 - 1/6*i**3 + 0*i. Calculate v(-1).
-5
Let b(u) be the third derivative of u**4/8 + 7*u**3/6 + u**2 - 92*u. Give b(-5).
-8
Let l(p) be the third derivative of p**4/24 - 2*p**3/3 + 94*p**2. Determine l(7).
3
Let m(y) = 7*y**2 + 5*y + 4. Let v(z) = -3*z**2 - 3*z - 2. Let d(o) = 2*m(o) + 5*v(o). What is d(-4)?
2
Let x = 4 - 2. Suppose 3*s - 3*p + 6 = 27, -4*p + 4 = 4*s. Let y(n) = s*n**2 - n + 12 - 12 - 2*n**x. What is y(1)?
1
Let d(y) = 32*y - 1 - 33*y + 18. Give d(11).
6
Let v(u) = -u**2 + 5*u + 17. Let f be v(7). Suppose 0 = f*o + 2*x - 8, x = 3*o - 5*o + 5. Let k(h) = 5*h - 2*h - 3 - 2*h**o + 0*h. What is k(3)?
-12
Let h(f) be the second derivative of -5*f**3/6 + f**2 - 64*f + 3. Calculate h(3).
-13
Suppose 139*l + 72 = 131*l. Let h(i) = -2*i - 10. Calculate h(l).
8
Let j(n) = -8*n - 1 - 8*n**2 + n + 7*n**2 - 3. Suppose 0 = 15*k - 22*k - 49. Determine j(k).
-4
Suppose 9 = o - 0*o. Let g = o - 9. Let z(s) = -s - 1. Calculate z(g).
-1
Let m(b) = -16*b**3 + 1015*b**2 - 502*b**2 - 1 - 511*b**2. What is m(-1)?
17
Suppose -6*f + 10*f = 8. Let i(c) = 15 - 8*c + c**3 - c**2 + 7*c**f - 20. Calculate i(-7).
2
Suppose 0 = -l - 4*s - 21, -5*l + 5*s + 2982 = 2962. Let u(x) = -x + 3 + 7*x - 4. Determine u(l).
-7
Let o(m) = -22*m + 1. Let b be ((-2)/3)/(-8 + 182/21). What is o(b)?
23
Let q = 376 + -374. Let g(n) be the first derivative of -3 + 7*n + 3/2*n**q. Give g(-5).
-8
Suppose 5*m + 692 = 647. Let h(d) = -d**3 - 8*d**2 + 7*d + 13. Give h(m).
31
Let p(u) be the first derivative of -u**3/3 + 5*u**2 - 11*u - 193. Give p(8).
5
Let m = -3 + 1. Let y(c) = -4*c + 4 - 4*c + 6*c - 2. Determine y(m).
6
Let i(c) be the second derivative of 1/3*c**3 + 0 + 12*c - 2*c**2. What is i(-4)?
-12
Let d(g) = 39*g**2 + 9*g - 18. Let l(n) = -16*n**2 - 5*n + 8. Let m(x) = -2*d(x) - 5*l(x). What is m(-5)?
11
Let p(f) be the first derivative of -f**4/4 + 8*f**3/3 + f**2/2 - 7*f - 60. Calculate p(8).
1
Let b(x) be the first derivative of 5*x**2 + 6*x + 354. Give b(-4).
-34
Let r(i) = 207*i**3 + i**2 + 2*i + 187*i**3 - 5 - 395*i**3. Determine r(4).
-45
Suppose -n - 1 = -2*n. Let p(d) = -26*d**3 + 10*d**2 + 19*d - 247. Let b(t) = 3*t**3 - t**2 - 2*t + 26. Let q(f) = 19*b(f) + 2*p(f). Calculate q(n).
6
Let s(l) = l**3 - 4*l**2 + 6*l - 1. Suppose -4*r = -2*q + 4, -3*q - 4*r + 9*r + 7 = 0. Give s(q).
23
Suppose -3*r + 28 = -7*r. Let h = r - -10. Let w(i) = -5 - 9*i + 13*i - 3*i**h + 11 + 2*i**3 - 4*i**2. What is w(-5)?
11
Let s(t) = 13*t**2. Suppose 3*y - 19 = -37. Let x be (-2)/((-3)/(9/y)). Give s(x).
13
Let a(n) = -n**2 - 5*n - 8. Let w be 6188/49 - 4/14. Let x be (-735)/w - 1/6. Calculate a(x).
-14
Let r(t) be the third derivative of -23*t**5/60 + t**3/6 - 45*t**2 - 2*t. Determine r(-1).
-22
Let m = -435 + 437. Suppose -4*d + 3 = 5*l + 5, 3*l = -d + 3. Let c(n) = -n**l - 11 - 2*n**m + 2*n**2. Calculate c(0).
-11
Let a(g) = -30 + 8*g + 87 - 25 - 33. What is a(2)?
15
Let z(r) = -r**3 + 7*r**2 - 2*r. Let c(y) = -2*y**2 - y + 1. Let h(o) = -c(o) - z(o). Determine h(3).
-10
Let t(y) = -y**2 - 13*y - 17. Let o be t(-12). Let h(u) = -u**3 - 6*u**2 - 3*u + 4. What is h(o)?
-6
Let k(w) be the first derivative of 4*w**2 - 53*w + 512. Determine k(6).
-5
Let z(v) = v**3 + 6*v**2 + 3*v - 1. Suppose -w - 2 = 0, -4*o + 31 = -5*o - 5*w. Let r = -24 - o. What is z(r)?
17
Let x(l) be the second derivative of 3/2*l**2 + 0 - 1/6*l**3 + 6*l. Let s = 60 - 65. Determine x(s).
8
Let i be (330/(-10))/(-2*(-2)/(-4)). Let w(v) = i*v**2 + 3*v - 31*v**2 - 4*v. Give w(-1).
3
Let u(d) = -d - 2. Suppose -19*t + 16*t + 12 = 0. Suppose -4*h - b - 13 = 11, t*b = 2*h + 12. Calculate u(h).
4
Let v = -595 - -600. Let q(k) = k**3 - 2*k**2 - 4*k + 3. Let u be q(3). Let b(y) = -6*y**2 + 1 + u*y**3 + 4*y - 6 + y**3. What is b(v)?
-10
Let z(o) = o**2 + 2*o. Let s(i) = i**3 + i**2 - 2*i - 3. Let f(l) = s(l) + 3*z(l). Give f(-4).
-19
Suppose 0 = 4*y + t - 76, -y + 3*t - 11 = -43. Suppose 3*f + 2*f - 3*d - y = 0, 0 = -2*f - d + 8. Let n(j) = -7*j + f*j + 0*j. Determine n(1).
-3
Let k(p) = p**3 - 8*p**2 + 15*p - 2. Suppose 5*f - 3*z - 29 = -z, 2 = 2*f + 4*z. Determine k(f).
-2
Let s(k) = 13 - 11*k**2 - 16 - 8*k + 23*k**2 - 14*k**2. Let h = 11 + -16. Give s(h).
-13
Let u(p) = -p**3 + 6 + 7*p**2 + 3 - 5*p - 2*p. Let g = 74 - 71. Let f be g/5*70/7. Calculate u(f).
3
Let h(t) = 3*t**2 + 9*t. Let n(v) = -v**2 - v. Let z(c) = h(c) + 4*n(c). Give z(7).
-14
Let u(r) be the first derivative of r**3/3 + 4*r**2 + 4*r - 40. Determine u(-7).
-3
Let f(b) = 2*b - 7. Suppose v = 9 + 9. Suppose -5*g + v = -3*m - 0, m = 3*g - 14. What is f(g)?
5
Let l(c) = -c**3 + 7*c**2 + 8*c. Let y be (8/(-18) - (-48)/27)*6. Calculate l(y).
0
Let j(c) = -57 - 39 + 49*c + 113 - 2*c**2 - 39. What is j(24)?
2
Let r(w) = -w**2 - 1. Let s(u) = 6*u**2 + 5. Let i(n) = n**2 + 6*n - 11. Let v be i(-6). Let t(m) = v*r(m) - 2*s(m). What is t(-2)?
-3
Let g(h) = -h + 9. Let u be g(7). Let m = -15 - -29. Let x(y) = 5*y + 12*y**2 + 1 + 3*y**u - m*y**2. What is x(-6)?
7
Let w(y) = y**3 - y**2 + y. Let t be 30/7 - 4 - 9/7. Let v(g) = -2*g**3 + 6*g**2 - 5*g - 1. Let k(c) = t*v(c) - 3*w(c). Calculate k(-3).
-5
Suppose 3*q + 1 - 49 = 0. Let n(j) = -q*j**2 + 3 + 8*j**2 + 7*j**2. Suppose 19 = -3*f + 5*z, 5*f - z = z - 19. Calculate n(f).
-6
Let s(u) be the first derivative of -10 + 7*u + 1/3*u**3 - 3*u**2. Determine s(7).
14
Let y(v) = 4*v**3 + 5*v**2 + 9*v - 1. Let x(m) = 2*m**3 + 3*m**2 + 5*m. Let b(s) = -5*x(s) + 3*y(s). Calculate b(1).
1
Suppose 1 = m - 3*n + 5, -25 = 4*m - 3*n. Let u(o) = -10 - 152*o + 128*o + 6*o**2 + o**3 + 14*o. Give u(m).
11
Let y(z) = 4*z + 0*z**2 - 10*z + 4 + z**2 + 2*z. What is y(3)?
1
Let p be (-6*(-14)/(-8))/(33/(-176)). Let k = -57 + p. Let y(h) = -h**2 - h - 3. Let d(j) = -j**2 - 2*j - 7. Let w(n) = 2*d(n) - 5*y(n). What is w(k)?
3
Let i(h) = 4*h**3 + 4*h**2 - 10*h - 8. Let n be 234/(-26) - (-6 + 1). Let q(z) = 5*z**3 + 4*z**2 - 11*z - 9. Let g(s) = n*i(s) + 3*q